{"id":18078,"date":"2026-03-10T12:12:04","date_gmt":"2026-03-10T17:12:04","guid":{"rendered":"https:\/\/reddevidasas.com.co\/sitio\/?page_id=18078"},"modified":"2026-03-16T12:58:04","modified_gmt":"2026-03-16T17:58:04","slug":"victoria-gomez","status":"publish","type":"page","link":"https:\/\/reddevidasas.com.co\/sitio\/victoria-gomez\/","title":{"rendered":"Victoria G\u00f3mez"},"content":{"rendered":"\t\t<div data-elementor-type=\"wp-page\" data-elementor-id=\"18078\" class=\"elementor elementor-18078\">\n\t\t\t\t<div class=\"elementor-element elementor-element-43d748d e-flex e-con-boxed tm-col-stretched-none tm-bg-color-over-image e-con e-parent\" data-id=\"43d748d\" data-element_type=\"container\" data-e-type=\"container\">\n\t\t\t\t\t<div class=\"e-con-inner\">\n\t\t<div class=\"elementor-element elementor-element-01cb455 e-con-full e-flex tm-col-stretched-none tm-bg-color-over-image e-con e-child\" data-id=\"01cb455\" data-element_type=\"container\" data-e-type=\"container\">\n\t\t<div class=\"elementor-element elementor-element-bd4a724 e-con-full e-flex tm-col-stretched-none tm-bg-color-over-image e-con e-child\" data-id=\"bd4a724\" data-element_type=\"container\" data-e-type=\"container\">\n\t\t\t\t<div class=\"elementor-element elementor-element-9a30bf3 elementor-widget elementor-widget-image\" data-id=\"9a30bf3\" data-element_type=\"widget\" data-e-type=\"widget\" data-widget_type=\"image.default\">\n\t\t\t\t\t\t\t\t\t\t\t\t\t\t\t<img fetchpriority=\"high\" decoding=\"async\" width=\"783\" height=\"1024\" src=\"https:\/\/reddevidasas.com.co\/sitio\/wp-content\/uploads\/2026\/03\/2.-Maria-Victoria-Gomez--783x1024.jpeg\" class=\"attachment-large size-large wp-image-17996\" alt=\"\" srcset=\"https:\/\/reddevidasas.com.co\/sitio\/wp-content\/uploads\/2026\/03\/2.-Maria-Victoria-Gomez--783x1024.jpeg 783w, https:\/\/reddevidasas.com.co\/sitio\/wp-content\/uploads\/2026\/03\/2.-Maria-Victoria-Gomez--229x300.jpeg 229w, https:\/\/reddevidasas.com.co\/sitio\/wp-content\/uploads\/2026\/03\/2.-Maria-Victoria-Gomez--768x1005.jpeg 768w, https:\/\/reddevidasas.com.co\/sitio\/wp-content\/uploads\/2026\/03\/2.-Maria-Victoria-Gomez--600x785.jpeg 600w, https:\/\/reddevidasas.com.co\/sitio\/wp-content\/uploads\/2026\/03\/2.-Maria-Victoria-Gomez-.jpeg 850w\" sizes=\"(max-width: 783px) 100vw, 783px\" \/>\t\t\t\t\t\t\t\t\t\t\t\t\t\t\t<\/div>\n\t\t\t\t<\/div>\n\t\t<div class=\"elementor-element elementor-element-4be6a89 e-con-full e-flex tm-col-stretched-none tm-bg-color-over-image e-con e-child\" data-id=\"4be6a89\" data-element_type=\"container\" data-e-type=\"container\">\n\t\t\t\t<div class=\"elementor-element elementor-element-bebb6b9 elementor-widget elementor-widget-heading\" data-id=\"bebb6b9\" data-element_type=\"widget\" data-e-type=\"widget\" data-widget_type=\"heading.default\">\n\t\t\t\t\t<h1 class=\"elementor-heading-title elementor-size-default\">Mar\u00eda Victoria G\u00f3mez Forero<\/h1>\t\t\t\t<\/div>\n\t\t\t\t<div class=\"elementor-element elementor-element-2893129 elementor-widget elementor-widget-text-editor\" data-id=\"2893129\" data-element_type=\"widget\" data-e-type=\"widget\" data-widget_type=\"text-editor.default\">\n\t\t\t\t\t\t\t\t\t<p>Licenciada en Educaci\u00f3n Especial y especialista en Orientaci\u00f3n Familiar y Gerencia Social.<\/p>\t\t\t\t\t\t\t\t<\/div>\n\t\t\t\t<div class=\"elementor-element elementor-element-5cd195f elementor-widget elementor-widget-text-editor\" data-id=\"5cd195f\" data-element_type=\"widget\" data-e-type=\"widget\" data-widget_type=\"text-editor.default\">\n\t\t\t\t\t\t\t\t\t<p><span>Profesional con formaci\u00f3n en Educaci\u00f3n Especial, especialista en Orientaci\u00f3n Familiar y Gerencia Social, con m\u00e1s de 25 a\u00f1os de trayectoria en el sector p\u00fablico liderando procesos orientados a la inclusi\u00f3n social, el fortalecimiento familiar y el desarrollo humano de poblaciones con enfoques diferenciales.<\/span><\/p><p><span>Su labor se caracteriza por promover entornos de cuidado respetuosos, relaciones familiares saludables y modelos de intervenci\u00f3n centrados en la persona y su contexto, contribuyendo al prop\u00f3sito de Red de Vida de construir una sociedad m\u00e1s inclusiva, consciente y solidaria frente al envejecimiento y la diversidad humana.<\/span><\/p>\t\t\t\t\t\t\t\t<\/div>\n\t\t\t\t<div class=\"elementor-element elementor-element-ff401b7 elementor-widget elementor-widget-heading\" data-id=\"ff401b7\" data-element_type=\"widget\" data-e-type=\"widget\" data-widget_type=\"heading.default\">\n\t\t\t\t\t<h3 class=\"elementor-heading-title elementor-size-default\">Experiencia<\/h3>\t\t\t\t<\/div>\n\t\t\t\t<div class=\"elementor-element elementor-element-a8e201f elementor-icon-list--layout-traditional elementor-list-item-link-full_width elementor-widget elementor-widget-icon-list\" data-id=\"a8e201f\" data-element_type=\"widget\" data-e-type=\"widget\" data-widget_type=\"icon-list.default\">\n\t\t\t\t\t\t\t<ul class=\"elementor-icon-list-items\">\n\t\t\t\t\t\t\t<li class=\"elementor-icon-list-item\">\n\t\t\t\t\t\t\t\t\t\t\t<span class=\"elementor-icon-list-icon\">\n\t\t\t\t\t\t\t<svg aria-hidden=\"true\" class=\"e-font-icon-svg e-fas-check\" viewBox=\"0 0 512 512\" xmlns=\"http:\/\/www.w3.org\/2000\/svg\"><path d=\"M173.898 439.404l-166.4-166.4c-9.997-9.997-9.997-26.206 0-36.204l36.203-36.204c9.997-9.998 26.207-9.998 36.204 0L192 312.69 432.095 72.596c9.997-9.997 26.207-9.997 36.204 0l36.203 36.204c9.997 9.997 9.997 26.206 0 36.204l-294.4 294.401c-9.998 9.997-26.207 9.997-36.204-.001z\"><\/path><\/svg>\t\t\t\t\t\t<\/span>\n\t\t\t\t\t\t\t\t\t\t<span class=\"elementor-icon-list-text\">M\u00e1s de 25 a\u00f1os de experiencia<\/span>\n\t\t\t\t\t\t\t\t\t<\/li>\n\t\t\t\t\t\t\t\t<li class=\"elementor-icon-list-item\">\n\t\t\t\t\t\t\t\t\t\t\t<span class=\"elementor-icon-list-icon\">\n\t\t\t\t\t\t\t<svg aria-hidden=\"true\" class=\"e-font-icon-svg e-fas-times\" viewBox=\"0 0 352 512\" xmlns=\"http:\/\/www.w3.org\/2000\/svg\"><path d=\"M242.72 256l100.07-100.07c12.28-12.28 12.28-32.19 0-44.48l-22.24-22.24c-12.28-12.28-32.19-12.28-44.48 0L176 189.28 75.93 89.21c-12.28-12.28-32.19-12.28-44.48 0L9.21 111.45c-12.28 12.28-12.28 32.19 0 44.48L109.28 256 9.21 356.07c-12.28 12.28-12.28 32.19 0 44.48l22.24 22.24c12.28 12.28 32.2 12.28 44.48 0L176 322.72l100.07 100.07c12.28 12.28 32.2 12.28 44.48 0l22.24-22.24c12.28-12.28 12.28-32.19 0-44.48L242.72 256z\"><\/path><\/svg>\t\t\t\t\t\t<\/span>\n\t\t\t\t\t\t\t\t\t\t<span class=\"elementor-icon-list-text\">Liderazgo en Orientaci\u00f3n Familiar e Inclusi\u00f3n Social<\/span>\n\t\t\t\t\t\t\t\t\t<\/li>\n\t\t\t\t\t\t\t\t<li class=\"elementor-icon-list-item\">\n\t\t\t\t\t\t\t\t\t\t\t<span class=\"elementor-icon-list-icon\">\n\t\t\t\t\t\t\t<svg aria-hidden=\"true\" class=\"e-font-icon-svg e-fas-dot-circle\" viewBox=\"0 0 512 512\" xmlns=\"http:\/\/www.w3.org\/2000\/svg\"><path d=\"M256 8C119.033 8 8 119.033 8 256s111.033 248 248 248 248-111.033 248-248S392.967 8 256 8zm80 248c0 44.112-35.888 80-80 80s-80-35.888-80-80 35.888-80 80-80 80 35.888 80 80z\"><\/path><\/svg>\t\t\t\t\t\t<\/span>\n\t\t\t\t\t\t\t\t\t\t<span class=\"elementor-icon-list-text\">Formaci\u00f3n en acompa\u00f1amiento terap\u00e9utico<\/span>\n\t\t\t\t\t\t\t\t\t<\/li>\n\t\t\t\t\t\t<\/ul>\n\t\t\t\t\t\t<\/div>\n\t\t\t\t<\/div>\n\t\t\t\t<\/div>\n\t\t\t\t\t<\/div>\n\t\t\t\t<\/div>\n\t\t\t\t<\/div>\n\t\t","protected":false},"excerpt":{"rendered":"<p>Mar\u00eda Victoria G\u00f3mez Forero Licenciada en Educaci\u00f3n Especial y especialista en Orientaci\u00f3n Familiar y Gerencia Social. Profesional con formaci\u00f3n en&#8230;<\/p>\n","protected":false},"author":1,"featured_media":0,"parent":0,"menu_order":0,"comment_status":"closed","ping_status":"closed","template":"","meta":{"footnotes":""},"class_list":["post-18078","page","type-page","status-publish","hentry"],"_links":{"self":[{"href":"https:\/\/reddevidasas.com.co\/sitio\/wp-json\/wp\/v2\/pages\/18078","targetHints":{"allow":["GET"]}}],"collection":[{"href":"https:\/\/reddevidasas.com.co\/sitio\/wp-json\/wp\/v2\/pages"}],"about":[{"href":"https:\/\/reddevidasas.com.co\/sitio\/wp-json\/wp\/v2\/types\/page"}],"author":[{"embeddable":true,"href":"https:\/\/reddevidasas.com.co\/sitio\/wp-json\/wp\/v2\/users\/1"}],"replies":[{"embeddable":true,"href":"https:\/\/reddevidasas.com.co\/sitio\/wp-json\/wp\/v2\/comments?post=18078"}],"version-history":[{"count":7,"href":"https:\/\/reddevidasas.com.co\/sitio\/wp-json\/wp\/v2\/pages\/18078\/revisions"}],"predecessor-version":[{"id":18204,"href":"https:\/\/reddevidasas.com.co\/sitio\/wp-json\/wp\/v2\/pages\/18078\/revisions\/18204"}],"wp:attachment":[{"href":"https:\/\/reddevidasas.com.co\/sitio\/wp-json\/wp\/v2\/media?parent=18078"}],"curies":[{"name":"wp","href":"https:\/\/api.w.org\/{rel}","templated":true}]}}

Victoria Gómez

<div data-elementor-type="wp-page" data-elementor-id="18078" class="elementor elementor-18078">
				<div class="elementor-element elementor-element-43d748d e-flex e-con-boxed tm-col-stretched-none tm-bg-color-over-image e-con e-parent" data-id="43d748d" data-element_type="container" data-e-type="container">
					<div class="e-con-inner">
		<div class="elementor-element elementor-element-01cb455 e-con-full e-flex tm-col-stretched-none tm-bg-color-over-image e-con e-child" data-id="01cb455" data-element_type="container" data-e-type="container">
		<div class="elementor-element elementor-element-bd4a724 e-con-full e-flex tm-col-stretched-none tm-bg-color-over-image e-con e-child" data-id="bd4a724" data-element_type="container" data-e-type="container">
				<div class="elementor-element elementor-element-9a30bf3 elementor-widget elementor-widget-image" data-id="9a30bf3" data-element_type="widget" data-e-type="widget" data-widget_type="image.default">
															<img fetchpriority="high" decoding="async" width="783" height="1024" src="https://reddevidasas.com.co/sitio/wp-content/uploads/2026/03/2.-Maria-Victoria-Gomez--783x1024.jpeg" class="attachment-large size-large wp-image-17996" alt="" srcset="https://reddevidasas.com.co/sitio/wp-content/uploads/2026/03/2.-Maria-Victoria-Gomez--783x1024.jpeg 783w, https://reddevidasas.com.co/sitio/wp-content/uploads/2026/03/2.-Maria-Victoria-Gomez--229x300.jpeg 229w, https://reddevidasas.com.co/sitio/wp-content/uploads/2026/03/2.-Maria-Victoria-Gomez--768x1005.jpeg 768w, https://reddevidasas.com.co/sitio/wp-content/uploads/2026/03/2.-Maria-Victoria-Gomez--600x785.jpeg 600w, https://reddevidasas.com.co/sitio/wp-content/uploads/2026/03/2.-Maria-Victoria-Gomez-.jpeg 850w" sizes="(max-width: 783px) 100vw, 783px" />															</div>
				</div>
		<div class="elementor-element elementor-element-4be6a89 e-con-full e-flex tm-col-stretched-none tm-bg-color-over-image e-con e-child" data-id="4be6a89" data-element_type="container" data-e-type="container">
				<div class="elementor-element elementor-element-bebb6b9 elementor-widget elementor-widget-heading" data-id="bebb6b9" data-element_type="widget" data-e-type="widget" data-widget_type="heading.default">
					<h1 class="elementor-heading-title elementor-size-default">María Victoria Gómez Forero</h1>				</div>
				<div class="elementor-element elementor-element-2893129 elementor-widget elementor-widget-text-editor" data-id="2893129" data-element_type="widget" data-e-type="widget" data-widget_type="text-editor.default">
									<p>Licenciada en Educación Especial y especialista en Orientación Familiar y Gerencia Social.</p>								</div>
				<div class="elementor-element elementor-element-5cd195f elementor-widget elementor-widget-text-editor" data-id="5cd195f" data-element_type="widget" data-e-type="widget" data-widget_type="text-editor.default">
									<p><span>Profesional con formación en Educación Especial, especialista en Orientación Familiar y Gerencia Social, con más de 25 años de trayectoria en el sector público liderando procesos orientados a la inclusión social, el fortalecimiento familiar y el desarrollo humano de poblaciones con enfoques diferenciales.</span></p><p><span>Su labor se caracteriza por promover entornos de cuidado respetuosos, relaciones familiares saludables y modelos de intervención centrados en la persona y su contexto, contribuyendo al propósito de Red de Vida de construir una sociedad más inclusiva, consciente y solidaria frente al envejecimiento y la diversidad humana.</span></p>								</div>
				<div class="elementor-element elementor-element-ff401b7 elementor-widget elementor-widget-heading" data-id="ff401b7" data-element_type="widget" data-e-type="widget" data-widget_type="heading.default">
					<h3 class="elementor-heading-title elementor-size-default">Experiencia</h3>				</div>
				<div class="elementor-element elementor-element-a8e201f elementor-icon-list--layout-traditional elementor-list-item-link-full_width elementor-widget elementor-widget-icon-list" data-id="a8e201f" data-element_type="widget" data-e-type="widget" data-widget_type="icon-list.default">
							<ul class="elementor-icon-list-items">
							<li class="elementor-icon-list-item">
											<span class="elementor-icon-list-icon">
							<svg aria-hidden="true" class="e-font-icon-svg e-fas-check" viewBox="0 0 512 512" xmlns="http://www.w3.org/2000/svg"><path d="M173.898 439.404l-166.4-166.4c-9.997-9.997-9.997-26.206 0-36.204l36.203-36.204c9.997-9.998 26.207-9.998 36.204 0L192 312.69 432.095 72.596c9.997-9.997 26.207-9.997 36.204 0l36.203 36.204c9.997 9.997 9.997 26.206 0 36.204l-294.4 294.401c-9.998 9.997-26.207 9.997-36.204-.001z"></path></svg>						</span>
										<span class="elementor-icon-list-text">Más de 25 años de experiencia</span>
									</li>
								<li class="elementor-icon-list-item">
											<span class="elementor-icon-list-icon">
							<svg aria-hidden="true" class="e-font-icon-svg e-fas-times" viewBox="0 0 352 512" xmlns="http://www.w3.org/2000/svg"><path d="M242.72 256l100.07-100.07c12.28-12.28 12.28-32.19 0-44.48l-22.24-22.24c-12.28-12.28-32.19-12.28-44.48 0L176 189.28 75.93 89.21c-12.28-12.28-32.19-12.28-44.48 0L9.21 111.45c-12.28 12.28-12.28 32.19 0 44.48L109.28 256 9.21 356.07c-12.28 12.28-12.28 32.19 0 44.48l22.24 22.24c12.28 12.28 32.2 12.28 44.48 0L176 322.72l100.07 100.07c12.28 12.28 32.2 12.28 44.48 0l22.24-22.24c12.28-12.28 12.28-32.19 0-44.48L242.72 256z"></path></svg>						</span>
										<span class="elementor-icon-list-text">Liderazgo en Orientación Familiar e Inclusión Social</span>
									</li>
								<li class="elementor-icon-list-item">
											<span class="elementor-icon-list-icon">
							<svg aria-hidden="true" class="e-font-icon-svg e-fas-dot-circle" viewBox="0 0 512 512" xmlns="http://www.w3.org/2000/svg"><path d="M256 8C119.033 8 8 119.033 8 256s111.033 248 248 248 248-111.033 248-248S392.967 8 256 8zm80 248c0 44.112-35.888 80-80 80s-80-35.888-80-80 35.888-80 80-80 80 35.888 80 80z"></path></svg>						</span>
										<span class="elementor-icon-list-text">Formación en acompañamiento terapéutico</span>
									</li>
						</ul>
						</div>
				</div>
				</div>
					</div>
				</div>
				</div>

<p>María Victoria Gómez Forero Licenciada en Educación Especial y especialista en Orientación Familiar y Gerencia Social. Profesional con formación en&#8230;</p>
