{"id":18100,"date":"2026-03-10T12:41:28","date_gmt":"2026-03-10T17:41:28","guid":{"rendered":"https:\/\/reddevidasas.com.co\/sitio\/?page_id=18100"},"modified":"2026-03-10T12:45:26","modified_gmt":"2026-03-10T17:45:26","slug":"julia-cuenca","status":"publish","type":"page","link":"https:\/\/reddevidasas.com.co\/sitio\/julia-cuenca\/","title":{"rendered":"Julia Cuenca"},"content":{"rendered":"\t\t<div data-elementor-type=\"wp-page\" data-elementor-id=\"18100\" class=\"elementor elementor-18100\">\n\t\t\t\t<div class=\"elementor-element elementor-element-aed0c54 e-flex e-con-boxed tm-col-stretched-none tm-bg-color-over-image e-con e-parent\" data-id=\"aed0c54\" data-element_type=\"container\" data-e-type=\"container\">\n\t\t\t\t\t<div class=\"e-con-inner\">\n\t\t<div class=\"elementor-element elementor-element-ee94b84 e-con-full e-flex tm-col-stretched-none tm-bg-color-over-image e-con e-child\" data-id=\"ee94b84\" data-element_type=\"container\" data-e-type=\"container\">\n\t\t<div class=\"elementor-element elementor-element-93d999d e-con-full e-flex tm-col-stretched-none tm-bg-color-over-image e-con e-child\" data-id=\"93d999d\" data-element_type=\"container\" data-e-type=\"container\">\n\t\t\t\t<div class=\"elementor-element elementor-element-d25f49f elementor-widget elementor-widget-image\" data-id=\"d25f49f\" data-element_type=\"widget\" data-e-type=\"widget\" data-widget_type=\"image.default\">\n\t\t\t\t\t\t\t\t\t\t\t\t\t\t\t<img fetchpriority=\"high\" decoding=\"async\" width=\"807\" height=\"1024\" src=\"https:\/\/reddevidasas.com.co\/sitio\/wp-content\/uploads\/2026\/03\/4.-julia-cuenca-807x1024.jpg\" class=\"attachment-large size-large wp-image-17999\" alt=\"\" srcset=\"https:\/\/reddevidasas.com.co\/sitio\/wp-content\/uploads\/2026\/03\/4.-julia-cuenca-807x1024.jpg 807w, https:\/\/reddevidasas.com.co\/sitio\/wp-content\/uploads\/2026\/03\/4.-julia-cuenca-236x300.jpg 236w, https:\/\/reddevidasas.com.co\/sitio\/wp-content\/uploads\/2026\/03\/4.-julia-cuenca-768x975.jpg 768w, https:\/\/reddevidasas.com.co\/sitio\/wp-content\/uploads\/2026\/03\/4.-julia-cuenca-600x762.jpg 600w, https:\/\/reddevidasas.com.co\/sitio\/wp-content\/uploads\/2026\/03\/4.-julia-cuenca.jpg 850w\" sizes=\"(max-width: 807px) 100vw, 807px\" \/>\t\t\t\t\t\t\t\t\t\t\t\t\t\t\t<\/div>\n\t\t\t\t<\/div>\n\t\t<div class=\"elementor-element elementor-element-dbfe7bd e-con-full e-flex tm-col-stretched-none tm-bg-color-over-image e-con e-child\" data-id=\"dbfe7bd\" data-element_type=\"container\" data-e-type=\"container\">\n\t\t\t\t<div class=\"elementor-element elementor-element-8aab890 elementor-widget elementor-widget-heading\" data-id=\"8aab890\" data-element_type=\"widget\" data-e-type=\"widget\" data-widget_type=\"heading.default\">\n\t\t\t\t\t<h1 class=\"elementor-heading-title elementor-size-default\">Julia Edith Cuenca Anacona<\/h1>\t\t\t\t<\/div>\n\t\t\t\t<div class=\"elementor-element elementor-element-7a79659 elementor-widget elementor-widget-text-editor\" data-id=\"7a79659\" data-element_type=\"widget\" data-e-type=\"widget\" data-widget_type=\"text-editor.default\">\n\t\t\t\t\t\t\t\t\t<p>M\u00e9dica Neur\u00f3loga<\/p>\t\t\t\t\t\t\t\t<\/div>\n\t\t\t\t<div class=\"elementor-element elementor-element-05b775e elementor-widget elementor-widget-text-editor\" data-id=\"05b775e\" data-element_type=\"widget\" data-e-type=\"widget\" data-widget_type=\"text-editor.default\">\n\t\t\t\t\t\t\t\t\t<p>M\u00e9dica Neur\u00f3loga Especialista en diagn\u00f3stico y manejo integral de enfermedades del sistema nervioso, con amplia experiencia en la valoraci\u00f3n de trastornos neurol\u00f3gicos y alteraciones cognitivas. Su pr\u00e1ctica se basa en la evidencia cl\u00ednica m\u00e1s rigurosa para tratar afecciones complejas en adultos.<\/p><p>Se especializa en el manejo de condiciones como demencias, epilepsia, cefaleas y trastornos de la memoria asociados al envejecimiento. Su enfoque integra las necesidades cl\u00ednicas con la funcionalidad del paciente, ofreciendo un diagn\u00f3stico preciso y un tratamiento humanizado.<\/p><p>Su criterio m\u00e9dico permite coordinar procesos diagn\u00f3sticos interdisciplinarios que facilitan el abordaje integral del paciente neurol\u00f3gico. Su labor garantiza que cada persona reciba una atenci\u00f3n t\u00e9cnica de excelencia acompa\u00f1ada de un apoyo constante a su entorno familiar.<\/p>\t\t\t\t\t\t\t\t<\/div>\n\t\t\t\t<div class=\"elementor-element elementor-element-28fba2b elementor-widget elementor-widget-heading\" data-id=\"28fba2b\" data-element_type=\"widget\" data-e-type=\"widget\" data-widget_type=\"heading.default\">\n\t\t\t\t\t<h3 class=\"elementor-heading-title elementor-size-default\">Experiencia<\/h3>\t\t\t\t<\/div>\n\t\t\t\t<div class=\"elementor-element elementor-element-0a6b118 elementor-icon-list--layout-traditional elementor-list-item-link-full_width elementor-widget elementor-widget-icon-list\" data-id=\"0a6b118\" data-element_type=\"widget\" data-e-type=\"widget\" data-widget_type=\"icon-list.default\">\n\t\t\t\t\t\t\t<ul class=\"elementor-icon-list-items\">\n\t\t\t\t\t\t\t<li class=\"elementor-icon-list-item\">\n\t\t\t\t\t\t\t\t\t\t\t<span class=\"elementor-icon-list-icon\">\n\t\t\t\t\t\t\t<svg aria-hidden=\"true\" class=\"e-font-icon-svg e-fas-check\" viewBox=\"0 0 512 512\" xmlns=\"http:\/\/www.w3.org\/2000\/svg\"><path d=\"M173.898 439.404l-166.4-166.4c-9.997-9.997-9.997-26.206 0-36.204l36.203-36.204c9.997-9.998 26.207-9.998 36.204 0L192 312.69 432.095 72.596c9.997-9.997 26.207-9.997 36.204 0l36.203 36.204c9.997 9.997 9.997 26.206 0 36.204l-294.4 294.401c-9.998 9.997-26.207 9.997-36.204-.001z\"><\/path><\/svg>\t\t\t\t\t\t<\/span>\n\t\t\t\t\t\t\t\t\t\t<span class=\"elementor-icon-list-text\">M\u00e1s de 15 a\u00f1os de experiencia<\/span>\n\t\t\t\t\t\t\t\t\t<\/li>\n\t\t\t\t\t\t\t\t<li class=\"elementor-icon-list-item\">\n\t\t\t\t\t\t\t\t\t\t\t<span class=\"elementor-icon-list-icon\">\n\t\t\t\t\t\t\t<svg aria-hidden=\"true\" class=\"e-font-icon-svg e-fas-times\" viewBox=\"0 0 352 512\" xmlns=\"http:\/\/www.w3.org\/2000\/svg\"><path d=\"M242.72 256l100.07-100.07c12.28-12.28 12.28-32.19 0-44.48l-22.24-22.24c-12.28-12.28-32.19-12.28-44.48 0L176 189.28 75.93 89.21c-12.28-12.28-32.19-12.28-44.48 0L9.21 111.45c-12.28 12.28-12.28 32.19 0 44.48L109.28 256 9.21 356.07c-12.28 12.28-12.28 32.19 0 44.48l22.24 22.24c12.28 12.28 32.2 12.28 44.48 0L176 322.72l100.07 100.07c12.28 12.28 32.2 12.28 44.48 0l22.24-22.24c12.28-12.28 12.28-32.19 0-44.48L242.72 256z\"><\/path><\/svg>\t\t\t\t\t\t<\/span>\n\t\t\t\t\t\t\t\t\t\t<span class=\"elementor-icon-list-text\">Especialista en diagn\u00f3stico y manejo integral de enfermedades del sistema nervioso<\/span>\n\t\t\t\t\t\t\t\t\t<\/li>\n\t\t\t\t\t\t\t\t<li class=\"elementor-icon-list-item\">\n\t\t\t\t\t\t\t\t\t\t\t<span class=\"elementor-icon-list-icon\">\n\t\t\t\t\t\t\t<svg aria-hidden=\"true\" class=\"e-font-icon-svg e-fas-dot-circle\" viewBox=\"0 0 512 512\" xmlns=\"http:\/\/www.w3.org\/2000\/svg\"><path d=\"M256 8C119.033 8 8 119.033 8 256s111.033 248 248 248 248-111.033 248-248S392.967 8 256 8zm80 248c0 44.112-35.888 80-80 80s-80-35.888-80-80 35.888-80 80-80 80 35.888 80 80z\"><\/path><\/svg>\t\t\t\t\t\t<\/span>\n\t\t\t\t\t\t\t\t\t\t<span class=\"elementor-icon-list-text\">Formaci\u00f3n en acompa\u00f1amiento terap\u00e9utico<\/span>\n\t\t\t\t\t\t\t\t\t<\/li>\n\t\t\t\t\t\t<\/ul>\n\t\t\t\t\t\t<\/div>\n\t\t\t\t<\/div>\n\t\t\t\t<\/div>\n\t\t\t\t\t<\/div>\n\t\t\t\t<\/div>\n\t\t\t\t<\/div>\n\t\t","protected":false},"excerpt":{"rendered":"<p>Julia Edith Cuenca Anacona M\u00e9dica Neur\u00f3loga M\u00e9dica Neur\u00f3loga Especialista en diagn\u00f3stico y manejo integral de enfermedades del sistema nervioso, con&#8230;<\/p>\n","protected":false},"author":1,"featured_media":0,"parent":0,"menu_order":0,"comment_status":"closed","ping_status":"closed","template":"","meta":{"footnotes":""},"class_list":["post-18100","page","type-page","status-publish","hentry"],"_links":{"self":[{"href":"https:\/\/reddevidasas.com.co\/sitio\/wp-json\/wp\/v2\/pages\/18100","targetHints":{"allow":["GET"]}}],"collection":[{"href":"https:\/\/reddevidasas.com.co\/sitio\/wp-json\/wp\/v2\/pages"}],"about":[{"href":"https:\/\/reddevidasas.com.co\/sitio\/wp-json\/wp\/v2\/types\/page"}],"author":[{"embeddable":true,"href":"https:\/\/reddevidasas.com.co\/sitio\/wp-json\/wp\/v2\/users\/1"}],"replies":[{"embeddable":true,"href":"https:\/\/reddevidasas.com.co\/sitio\/wp-json\/wp\/v2\/comments?post=18100"}],"version-history":[{"count":4,"href":"https:\/\/reddevidasas.com.co\/sitio\/wp-json\/wp\/v2\/pages\/18100\/revisions"}],"predecessor-version":[{"id":18104,"href":"https:\/\/reddevidasas.com.co\/sitio\/wp-json\/wp\/v2\/pages\/18100\/revisions\/18104"}],"wp:attachment":[{"href":"https:\/\/reddevidasas.com.co\/sitio\/wp-json\/wp\/v2\/media?parent=18100"}],"curies":[{"name":"wp","href":"https:\/\/api.w.org\/{rel}","templated":true}]}}

<div data-elementor-type="wp-page" data-elementor-id="18100" class="elementor elementor-18100">
				<div class="elementor-element elementor-element-aed0c54 e-flex e-con-boxed tm-col-stretched-none tm-bg-color-over-image e-con e-parent" data-id="aed0c54" data-element_type="container" data-e-type="container">
					<div class="e-con-inner">
		<div class="elementor-element elementor-element-ee94b84 e-con-full e-flex tm-col-stretched-none tm-bg-color-over-image e-con e-child" data-id="ee94b84" data-element_type="container" data-e-type="container">
		<div class="elementor-element elementor-element-93d999d e-con-full e-flex tm-col-stretched-none tm-bg-color-over-image e-con e-child" data-id="93d999d" data-element_type="container" data-e-type="container">
				<div class="elementor-element elementor-element-d25f49f elementor-widget elementor-widget-image" data-id="d25f49f" data-element_type="widget" data-e-type="widget" data-widget_type="image.default">
															<img fetchpriority="high" decoding="async" width="807" height="1024" src="https://reddevidasas.com.co/sitio/wp-content/uploads/2026/03/4.-julia-cuenca-807x1024.jpg" class="attachment-large size-large wp-image-17999" alt="" srcset="https://reddevidasas.com.co/sitio/wp-content/uploads/2026/03/4.-julia-cuenca-807x1024.jpg 807w, https://reddevidasas.com.co/sitio/wp-content/uploads/2026/03/4.-julia-cuenca-236x300.jpg 236w, https://reddevidasas.com.co/sitio/wp-content/uploads/2026/03/4.-julia-cuenca-768x975.jpg 768w, https://reddevidasas.com.co/sitio/wp-content/uploads/2026/03/4.-julia-cuenca-600x762.jpg 600w, https://reddevidasas.com.co/sitio/wp-content/uploads/2026/03/4.-julia-cuenca.jpg 850w" sizes="(max-width: 807px) 100vw, 807px" />															</div>
				</div>
		<div class="elementor-element elementor-element-dbfe7bd e-con-full e-flex tm-col-stretched-none tm-bg-color-over-image e-con e-child" data-id="dbfe7bd" data-element_type="container" data-e-type="container">
				<div class="elementor-element elementor-element-8aab890 elementor-widget elementor-widget-heading" data-id="8aab890" data-element_type="widget" data-e-type="widget" data-widget_type="heading.default">
					<h1 class="elementor-heading-title elementor-size-default">Julia Edith Cuenca Anacona</h1>				</div>
				<div class="elementor-element elementor-element-7a79659 elementor-widget elementor-widget-text-editor" data-id="7a79659" data-element_type="widget" data-e-type="widget" data-widget_type="text-editor.default">
									<p>Médica Neuróloga</p>								</div>
				<div class="elementor-element elementor-element-05b775e elementor-widget elementor-widget-text-editor" data-id="05b775e" data-element_type="widget" data-e-type="widget" data-widget_type="text-editor.default">
									<p>Médica Neuróloga Especialista en diagnóstico y manejo integral de enfermedades del sistema nervioso, con amplia experiencia en la valoración de trastornos neurológicos y alteraciones cognitivas. Su práctica se basa en la evidencia clínica más rigurosa para tratar afecciones complejas en adultos.</p><p>Se especializa en el manejo de condiciones como demencias, epilepsia, cefaleas y trastornos de la memoria asociados al envejecimiento. Su enfoque integra las necesidades clínicas con la funcionalidad del paciente, ofreciendo un diagnóstico preciso y un tratamiento humanizado.</p><p>Su criterio médico permite coordinar procesos diagnósticos interdisciplinarios que facilitan el abordaje integral del paciente neurológico. Su labor garantiza que cada persona reciba una atención técnica de excelencia acompañada de un apoyo constante a su entorno familiar.</p>								</div>
				<div class="elementor-element elementor-element-28fba2b elementor-widget elementor-widget-heading" data-id="28fba2b" data-element_type="widget" data-e-type="widget" data-widget_type="heading.default">
					<h3 class="elementor-heading-title elementor-size-default">Experiencia</h3>				</div>
				<div class="elementor-element elementor-element-0a6b118 elementor-icon-list--layout-traditional elementor-list-item-link-full_width elementor-widget elementor-widget-icon-list" data-id="0a6b118" data-element_type="widget" data-e-type="widget" data-widget_type="icon-list.default">
							<ul class="elementor-icon-list-items">
							<li class="elementor-icon-list-item">
											<span class="elementor-icon-list-icon">
							<svg aria-hidden="true" class="e-font-icon-svg e-fas-check" viewBox="0 0 512 512" xmlns="http://www.w3.org/2000/svg"><path d="M173.898 439.404l-166.4-166.4c-9.997-9.997-9.997-26.206 0-36.204l36.203-36.204c9.997-9.998 26.207-9.998 36.204 0L192 312.69 432.095 72.596c9.997-9.997 26.207-9.997 36.204 0l36.203 36.204c9.997 9.997 9.997 26.206 0 36.204l-294.4 294.401c-9.998 9.997-26.207 9.997-36.204-.001z"></path></svg>						</span>
										<span class="elementor-icon-list-text">Más de 15 años de experiencia</span>
									</li>
								<li class="elementor-icon-list-item">
											<span class="elementor-icon-list-icon">
							<svg aria-hidden="true" class="e-font-icon-svg e-fas-times" viewBox="0 0 352 512" xmlns="http://www.w3.org/2000/svg"><path d="M242.72 256l100.07-100.07c12.28-12.28 12.28-32.19 0-44.48l-22.24-22.24c-12.28-12.28-32.19-12.28-44.48 0L176 189.28 75.93 89.21c-12.28-12.28-32.19-12.28-44.48 0L9.21 111.45c-12.28 12.28-12.28 32.19 0 44.48L109.28 256 9.21 356.07c-12.28 12.28-12.28 32.19 0 44.48l22.24 22.24c12.28 12.28 32.2 12.28 44.48 0L176 322.72l100.07 100.07c12.28 12.28 32.2 12.28 44.48 0l22.24-22.24c12.28-12.28 12.28-32.19 0-44.48L242.72 256z"></path></svg>						</span>
										<span class="elementor-icon-list-text">Especialista en diagnóstico y manejo integral de enfermedades del sistema nervioso</span>
									</li>
								<li class="elementor-icon-list-item">
											<span class="elementor-icon-list-icon">
							<svg aria-hidden="true" class="e-font-icon-svg e-fas-dot-circle" viewBox="0 0 512 512" xmlns="http://www.w3.org/2000/svg"><path d="M256 8C119.033 8 8 119.033 8 256s111.033 248 248 248 248-111.033 248-248S392.967 8 256 8zm80 248c0 44.112-35.888 80-80 80s-80-35.888-80-80 35.888-80 80-80 80 35.888 80 80z"></path></svg>						</span>
										<span class="elementor-icon-list-text">Formación en acompañamiento terapéutico</span>
									</li>
						</ul>
						</div>
				</div>
				</div>
					</div>
				</div>
				</div>

<p>Julia Edith Cuenca Anacona Médica Neuróloga Médica Neuróloga Especialista en diagnóstico y manejo integral de enfermedades del sistema nervioso, con&#8230;</p>
