{"id":17778,"date":"2026-02-27T10:02:44","date_gmt":"2026-02-27T15:02:44","guid":{"rendered":"https:\/\/reddevidasas.com.co\/sitio\/?post_type=product&#038;p=17778"},"modified":"2026-05-28T12:27:27","modified_gmt":"2026-05-28T17:27:27","slug":"colores-en-juego-sistema-de-atencion-y-percepcion-visual","status":"publish","type":"product","link":"https:\/\/reddevidasas.com.co\/sitio\/producto\/colores-en-juego-sistema-de-atencion-y-percepcion-visual\/","title":{"rendered":"Colores en Juego"},"content":{"rendered":"<p>Completo sistema para ejercitar la atenci\u00f3n, percepci\u00f3n visual y reconocimiento de patrones en adultos mayores.<span>\u00a0<\/span><\/p>\n<p><strong>Contenido completo:<\/strong><span>\u00a0<\/span>1 caja en madera + 1 tablero cuadrado + fichas de colores + 8 fichas gu\u00eda con patrones.<\/p>\n<h5><strong>Especificaciones t\u00e9cnicas:<\/strong><\/h5>\n<p><strong>Medidas caja:<\/strong><span>\u00a0<\/span>32 cm. x 32 cm.<\/p>\n<p><strong>Medidas tablero:<\/strong><span>\u00a0<\/span>29 cm. x 29 cm.<\/p>\n<p><strong>Medidas fichas:<\/strong><span>\u00a0<\/span>5 cm. x 5 cm.<\/p>\n<p><strong>Medidas tarjetas:<\/strong><span>\u00a0<\/span>12 cm. x 14 cm.<\/p>\n<p><strong>Material:<\/strong><span>\u00a0<\/span>Madera MDF + Poliestireno Calibre 20<\/p>\n<h5><strong>Caracter\u00edsticas especiales:<\/strong><\/h5>\n<ul>\n<li>8 patrones progresivos de menor a mayor complejidad<\/li>\n<li>Sistema de colores contrastantes para mejor percepci\u00f3n<\/li>\n<li>Dise\u00f1o modular que permite m\u00faltiples combinaciones<\/li>\n<li>Adaptable a diferentes niveles cognitivos<\/li>\n<\/ul>\n<h5><strong>Beneficios terap\u00e9uticos:<\/strong><\/h5>\n<ul>\n<li>Mejora la atenci\u00f3n sostenida y selectiva<\/li>\n<li>Desarrolla la percepci\u00f3n visual y discriminaci\u00f3n<\/li>\n<li>Estimula el reconocimiento de patrones y secuencias<\/li>\n<li>Fomenta la planificaci\u00f3n y organizaci\u00f3n espacial<\/li>\n<li>Promueve la flexibilidad cognitiva<\/li>\n<\/ul>\n<p><strong>Aplicaciones espec\u00edficas:<\/strong><span>\u00a0<\/span>Personas con TDA en personas mayores, rehabilitaci\u00f3n cognitiva post-accidente cerebrovascular, prevenci\u00f3n del deterioro cognitivo.<\/p>\n<p><strong>Adaptado. <\/strong>Persona mayor de 60 a\u00f1os (Para facilitar agarre, tama\u00f1o de piezas y comprensi\u00f3n visual).<\/p>\n","protected":false},"excerpt":{"rendered":"<p>Estimulaci\u00f3n de Atenci\u00f3n y Percepci\u00f3n Visual<\/p>\n","protected":false},"featured_media":17779,"comment_status":"open","ping_status":"closed","template":"","meta":[],"product_brand":[],"product_cat":[81],"product_tag":[72],"class_list":["post-17778","product","type-product","status-publish","has-post-thumbnail","product_cat-memoria-atencion","product_tag-producto-destacado","first","instock","featured","shipping-taxable","purchasable","product-type-simple"],"_links":{"self":[{"href":"https:\/\/reddevidasas.com.co\/sitio\/wp-json\/wp\/v2\/product\/17778","targetHints":{"allow":["GET"]}}],"collection":[{"href":"https:\/\/reddevidasas.com.co\/sitio\/wp-json\/wp\/v2\/product"}],"about":[{"href":"https:\/\/reddevidasas.com.co\/sitio\/wp-json\/wp\/v2\/types\/product"}],"replies":[{"embeddable":true,"href":"https:\/\/reddevidasas.com.co\/sitio\/wp-json\/wp\/v2\/comments?post=17778"}],"wp:featuredmedia":[{"embeddable":true,"href":"https:\/\/reddevidasas.com.co\/sitio\/wp-json\/wp\/v2\/media\/17779"}],"wp:attachment":[{"href":"https:\/\/reddevidasas.com.co\/sitio\/wp-json\/wp\/v2\/media?parent=17778"}],"wp:term":[{"taxonomy":"product_brand","embeddable":true,"href":"https:\/\/reddevidasas.com.co\/sitio\/wp-json\/wp\/v2\/product_brand?post=17778"},{"taxonomy":"product_cat","embeddable":true,"href":"https:\/\/reddevidasas.com.co\/sitio\/wp-json\/wp\/v2\/product_cat?post=17778"},{"taxonomy":"product_tag","embeddable":true,"href":"https:\/\/reddevidasas.com.co\/sitio\/wp-json\/wp\/v2\/product_tag?post=17778"}],"curies":[{"name":"wp","href":"https:\/\/api.w.org\/{rel}","templated":true}]}}

<p>Completo sistema para ejercitar la atención, percepción visual y reconocimiento de patrones en adultos mayores.<span> </span></p>
<p><strong>Contenido completo:</strong><span> </span>1 caja en madera + 1 tablero cuadrado + fichas de colores + 8 fichas guía con patrones.</p>
<h5><strong>Especificaciones técnicas:</strong></h5>
<p><strong>Medidas caja:</strong><span> </span>32 cm. x 32 cm.</p>
<p><strong>Medidas tablero:</strong><span> </span>29 cm. x 29 cm.</p>
<p><strong>Medidas fichas:</strong><span> </span>5 cm. x 5 cm.</p>
<p><strong>Medidas tarjetas:</strong><span> </span>12 cm. x 14 cm.</p>
<p><strong>Material:</strong><span> </span>Madera MDF + Poliestireno Calibre 20</p>
<h5><strong>Características especiales:</strong></h5>
<ul>
<li>8 patrones progresivos de menor a mayor complejidad</li>
<li>Sistema de colores contrastantes para mejor percepción</li>
<li>Diseño modular que permite múltiples combinaciones</li>
<li>Adaptable a diferentes niveles cognitivos</li>
</ul>
<h5><strong>Beneficios terapéuticos:</strong></h5>
<ul>
<li>Mejora la atención sostenida y selectiva</li>
<li>Desarrolla la percepción visual y discriminación</li>
<li>Estimula el reconocimiento de patrones y secuencias</li>
<li>Fomenta la planificación y organización espacial</li>
<li>Promueve la flexibilidad cognitiva</li>
</ul>
<p><strong>Aplicaciones específicas:</strong><span> </span>Personas con TDA en personas mayores, rehabilitación cognitiva post-accidente cerebrovascular, prevención del deterioro cognitivo.</p>
<p><strong>Adaptado. </strong>Persona mayor de 60 años (Para facilitar agarre, tamaño de piezas y comprensión visual).</p>

<p>Estimulación de Atención y Percepción Visual</p>
