{"id":18348,"date":"2026-03-18T17:06:05","date_gmt":"2026-03-18T22:06:05","guid":{"rendered":"https:\/\/reddevidasas.com.co\/sitio\/?post_type=product&#038;p=18348"},"modified":"2026-05-28T12:11:50","modified_gmt":"2026-05-28T17:11:50","slug":"toco-observo-y-encajo","status":"publish","type":"product","link":"https:\/\/reddevidasas.com.co\/sitio\/producto\/toco-observo-y-encajo\/","title":{"rendered":"Toco, observo y encajo"},"content":{"rendered":"<p>Estimular funciones cognitivas como la visopercepci\u00f3n, la atenci\u00f3n sostenida y la orientaci\u00f3n espacial a trav\u00e9s del encaje progresivo de bandejas con figuras geom\u00e9tricas sobre un disco base, favoreciendo tambi\u00e9n la coordinaci\u00f3n visomotora fina y la organizaci\u00f3n secuencial de la tarea.<\/p>\n<ul>\n<li>Favorecer la coordinaci\u00f3n visomotora mediante la acci\u00f3n de encajar figuras geom\u00e9tricas en sus respectivos espacios, mejorando la precisi\u00f3n y el control manual.<\/li>\n<li>Estimular la discriminaci\u00f3n visual y la percepci\u00f3n de formas al identificar y diferenciar elementos seg\u00fan su contorno, tama\u00f1o y posici\u00f3n.<\/li>\n<li>Reforzar la planeaci\u00f3n y organizaci\u00f3n cognitiva, promoviendo la estructuraci\u00f3n l\u00f3gica del paso a paso para lograr el encaje correcto.<\/li>\n<li>Apoyar la estimulaci\u00f3n sensorial mediante el tacto, forma y textura de las piezas, favoreciendo la exploraci\u00f3n activa.<\/li>\n<\/ul>\n<p><strong>Contenido<\/strong><strong>. <\/strong>1 disco base \/10 bandejas con figuras geom\u00e9tricas.<\/p>\n<p><strong>Medidas<\/strong>.\u00a0 Tablero 24,5 cm. de di\u00e1metro x 3 mm. de grosor.<\/p>\n<p>Figuras. 8 cm. x 6 cm. x 6 mm.<\/p>\n<p><strong>Material. <\/strong>Madera MDF<\/p>\n<p><strong>Adaptado. <\/strong>Persona mayor de 60 a\u00f1os (Para facilitar agarre, tama\u00f1o de piezas y comprensi\u00f3n visual).<\/p>\n","protected":false},"excerpt":{"rendered":"<p>Sistema de encaje geom\u00e9trico progresivo que fortalece la visopercepci\u00f3n, la atenci\u00f3n y la coordinaci\u00f3n visomotora en personas mayores.<\/p>\n","protected":false},"featured_media":18349,"comment_status":"open","ping_status":"closed","template":"","meta":[],"product_brand":[],"product_cat":[61],"product_tag":[72],"class_list":["post-18348","product","type-product","status-publish","has-post-thumbnail","product_cat-memoria","product_tag-producto-destacado","first","instock","shipping-taxable","purchasable","product-type-simple"],"_links":{"self":[{"href":"https:\/\/reddevidasas.com.co\/sitio\/wp-json\/wp\/v2\/product\/18348","targetHints":{"allow":["GET"]}}],"collection":[{"href":"https:\/\/reddevidasas.com.co\/sitio\/wp-json\/wp\/v2\/product"}],"about":[{"href":"https:\/\/reddevidasas.com.co\/sitio\/wp-json\/wp\/v2\/types\/product"}],"replies":[{"embeddable":true,"href":"https:\/\/reddevidasas.com.co\/sitio\/wp-json\/wp\/v2\/comments?post=18348"}],"wp:featuredmedia":[{"embeddable":true,"href":"https:\/\/reddevidasas.com.co\/sitio\/wp-json\/wp\/v2\/media\/18349"}],"wp:attachment":[{"href":"https:\/\/reddevidasas.com.co\/sitio\/wp-json\/wp\/v2\/media?parent=18348"}],"wp:term":[{"taxonomy":"product_brand","embeddable":true,"href":"https:\/\/reddevidasas.com.co\/sitio\/wp-json\/wp\/v2\/product_brand?post=18348"},{"taxonomy":"product_cat","embeddable":true,"href":"https:\/\/reddevidasas.com.co\/sitio\/wp-json\/wp\/v2\/product_cat?post=18348"},{"taxonomy":"product_tag","embeddable":true,"href":"https:\/\/reddevidasas.com.co\/sitio\/wp-json\/wp\/v2\/product_tag?post=18348"}],"curies":[{"name":"wp","href":"https:\/\/api.w.org\/{rel}","templated":true}]}}

<p>Estimular funciones cognitivas como la visopercepción, la atención sostenida y la orientación espacial a través del encaje progresivo de bandejas con figuras geométricas sobre un disco base, favoreciendo también la coordinación visomotora fina y la organización secuencial de la tarea.</p>
<ul>
<li>Favorecer la coordinación visomotora mediante la acción de encajar figuras geométricas en sus respectivos espacios, mejorando la precisión y el control manual.</li>
<li>Estimular la discriminación visual y la percepción de formas al identificar y diferenciar elementos según su contorno, tamaño y posición.</li>
<li>Reforzar la planeación y organización cognitiva, promoviendo la estructuración lógica del paso a paso para lograr el encaje correcto.</li>
<li>Apoyar la estimulación sensorial mediante el tacto, forma y textura de las piezas, favoreciendo la exploración activa.</li>
</ul>
<p><strong>Contenido</strong><strong>. </strong>1 disco base /10 bandejas con figuras geométricas.</p>
<p><strong>Medidas</strong>.  Tablero 24,5 cm. de diámetro x 3 mm. de grosor.</p>
<p>Figuras. 8 cm. x 6 cm. x 6 mm.</p>
<p><strong>Material. </strong>Madera MDF</p>
<p><strong>Adaptado. </strong>Persona mayor de 60 años (Para facilitar agarre, tamaño de piezas y comprensión visual).</p>

<p>Sistema de encaje geométrico progresivo que fortalece la visopercepción, la atención y la coordinación visomotora en personas mayores.</p>
